Dec 01 16:26:35.552 INFO testing gpittarelli/to-and-from against master#8940af3cea4a9a9deabcaf843b2f8cad9a83fc61 for beta-1.31-5
Dec 01 16:26:35.552 INFO running `"docker" "create" "-v" "/mnt/big/crater/work/local/target-dirs/beta-1.31-5/worker-0/master#8940af3cea4a9a9deabcaf843b2f8cad9a83fc61:/target:rw,Z" "-v" "/mnt/big/crater/work/local/test-source/worker-0/beta-1.31-5/master#8940af3cea4a9a9deabcaf843b2f8cad9a83fc61:/source:ro,Z" "-v" "/mnt/big/crater/work/local/cargo-home:/cargo-home:ro,Z" "-v" "/mnt/big/crater/work/local/rustup-home:/rustup-home:ro,Z" "-e" "USER_ID=1000" "-e" "SOURCE_DIR=/source" "-e" "USER_ID=1000" "-e" "CMD=cargo +8940af3cea4a9a9deabcaf843b2f8cad9a83fc61-alt build --frozen" "-e" "CARGO_TARGET_DIR=/target" "-e" "CARGO_INCREMENTAL=0" "-e" "RUST_BACKTRACE=full" "-e" "RUSTFLAGS=--cap-lints=warn" "-e" "CARGO_HOME=/cargo-home" "-e" "RUSTUP_HOME=/rustup-home" "-m" "1536M" "--network" "none" "crater"`
Dec 01 16:26:35.771 INFO [stdout] 43b869171a9cce04d4a7010b2d4ab2bafb2debcaf418da203b28827d8852db52
Dec 01 16:26:35.776 INFO running `"docker" "start" "-a" "43b869171a9cce04d4a7010b2d4ab2bafb2debcaf418da203b28827d8852db52"`
Dec 01 16:26:36.190 INFO [stderr] usermod: no changes
Dec 01 16:26:36.255 INFO [stderr]    Compiling fixedbitset v0.1.8
Dec 01 16:26:36.255 INFO [stderr]    Compiling memchr v2.0.1
Dec 01 16:26:37.015 INFO [stderr]    Compiling csv-core v0.1.4
Dec 01 16:26:37.015 INFO [stderr]    Compiling petgraph v0.4.11
Dec 01 16:26:38.607 INFO [stderr]    Compiling csv v1.0.0
Dec 01 16:26:40.263 INFO [stderr] error[E0034]: multiple applicable items in scope
Dec 01 16:26:40.263 INFO [stderr]     --> /cargo-home/registry/src/github.com-1ecc6299db9ec823/petgraph-0.4.11/src/graph_impl/stable_graph/mod.rs:1173:19
Dec 01 16:26:40.263 INFO [stderr]      |
Dec 01 16:26:40.263 INFO [stderr] 1173 |         self.iter.find_map(|(i, node)| {
Dec 01 16:26:40.263 INFO [stderr]      |                   ^^^^^^^^ multiple `find_map` found
Dec 01 16:26:40.263 INFO [stderr]      |
Dec 01 16:26:40.263 INFO [stderr] note: candidate #1 is defined in an impl of the trait `iter_utils::IterUtilsExt` for the type `_`
Dec 01 16:26:40.263 INFO [stderr]     --> /cargo-home/registry/src/github.com-1ecc6299db9ec823/petgraph-0.4.11/src/iter_utils.rs:5:5
Dec 01 16:26:40.263 INFO [stderr]      |
Dec 01 16:26:40.263 INFO [stderr] 5    | /     fn find_map<F, R>(&mut self, mut f: F) -> Option<R>
Dec 01 16:26:40.263 INFO [stderr] 6    | |         where F: FnMut(Self::Item) -> Option<R>
Dec 01 16:26:40.263 INFO [stderr] 7    | |     {
Dec 01 16:26:40.263 INFO [stderr] 8    | |         while let Some(elt) = self.next() {
Dec 01 16:26:40.263 INFO [stderr] ...    |
Dec 01 16:26:40.263 INFO [stderr] 13   | |         None
Dec 01 16:26:40.263 INFO [stderr] 14   | |     }
Dec 01 16:26:40.263 INFO [stderr]      | |_____^
Dec 01 16:26:40.263 INFO [stderr]      = note: candidate #2 is defined in an impl of the trait `std::iter::Iterator` for the type `std::iter::Enumerate<_>`
Dec 01 16:26:40.263 INFO [stderr] 
Dec 01 16:26:40.279 INFO [stderr] error[E0034]: multiple applicable items in scope
Dec 01 16:26:40.279 INFO [stderr]     --> /cargo-home/registry/src/github.com-1ecc6299db9ec823/petgraph-0.4.11/src/graph_impl/stable_graph/mod.rs:1365:19
Dec 01 16:26:40.279 INFO [stderr]      |
Dec 01 16:26:40.279 INFO [stderr] 1365 |         self.iter.find_map(|(i, edge)|
Dec 01 16:26:40.279 INFO [stderr]      |                   ^^^^^^^^ multiple `find_map` found
Dec 01 16:26:40.279 INFO [stderr]      |
Dec 01 16:26:40.279 INFO [stderr] note: candidate #1 is defined in an impl of the trait `iter_utils::IterUtilsExt` for the type `_`
Dec 01 16:26:40.279 INFO [stderr]     --> /cargo-home/registry/src/github.com-1ecc6299db9ec823/petgraph-0.4.11/src/iter_utils.rs:5:5
Dec 01 16:26:40.279 INFO [stderr]      |
Dec 01 16:26:40.279 INFO [stderr] 5    | /     fn find_map<F, R>(&mut self, mut f: F) -> Option<R>
Dec 01 16:26:40.279 INFO [stderr] 6    | |         where F: FnMut(Self::Item) -> Option<R>
Dec 01 16:26:40.279 INFO [stderr] 7    | |     {
Dec 01 16:26:40.279 INFO [stderr] 8    | |         while let Some(elt) = self.next() {
Dec 01 16:26:40.279 INFO [stderr] ...    |
Dec 01 16:26:40.279 INFO [stderr] 13   | |         None
Dec 01 16:26:40.279 INFO [stderr] 14   | |     }
Dec 01 16:26:40.279 INFO [stderr]      | |_____^
Dec 01 16:26:40.279 INFO [stderr]      = note: candidate #2 is defined in an impl of the trait `std::iter::Iterator` for the type `std::iter::Enumerate<_>`
Dec 01 16:26:40.279 INFO [stderr] 
Dec 01 16:26:40.290 INFO [stderr] error[E0034]: multiple applicable items in scope
Dec 01 16:26:40.290 INFO [stderr]     --> /cargo-home/registry/src/github.com-1ecc6299db9ec823/petgraph-0.4.11/src/graph_impl/stable_graph/mod.rs:1529:19
Dec 01 16:26:40.290 INFO [stderr]      |
Dec 01 16:26:40.290 INFO [stderr] 1529 |         self.iter.find_map(|(i, node)| {
Dec 01 16:26:40.290 INFO [stderr]      |                   ^^^^^^^^ multiple `find_map` found
Dec 01 16:26:40.290 INFO [stderr]      |
Dec 01 16:26:40.290 INFO [stderr] note: candidate #1 is defined in an impl of the trait `iter_utils::IterUtilsExt` for the type `_`
Dec 01 16:26:40.290 INFO [stderr]     --> /cargo-home/registry/src/github.com-1ecc6299db9ec823/petgraph-0.4.11/src/iter_utils.rs:5:5
Dec 01 16:26:40.290 INFO [stderr]      |
Dec 01 16:26:40.290 INFO [stderr] 5    | /     fn find_map<F, R>(&mut self, mut f: F) -> Option<R>
Dec 01 16:26:40.290 INFO [stderr] 6    | |         where F: FnMut(Self::Item) -> Option<R>
Dec 01 16:26:40.290 INFO [stderr] 7    | |     {
Dec 01 16:26:40.290 INFO [stderr] 8    | |         while let Some(elt) = self.next() {
Dec 01 16:26:40.290 INFO [stderr] ...    |
Dec 01 16:26:40.290 INFO [stderr] 13   | |         None
Dec 01 16:26:40.290 INFO [stderr] 14   | |     }
Dec 01 16:26:40.290 INFO [stderr]      | |_____^
Dec 01 16:26:40.290 INFO [stderr]      = note: candidate #2 is defined in an impl of the trait `std::iter::Iterator` for the type `std::iter::Enumerate<_>`
Dec 01 16:26:40.290 INFO [stderr] 
Dec 01 16:26:40.295 INFO [stderr] error[E0034]: multiple applicable items in scope
Dec 01 16:26:40.295 INFO [stderr]     --> /cargo-home/registry/src/github.com-1ecc6299db9ec823/petgraph-0.4.11/src/graph_impl/stable_graph/mod.rs:1575:19
Dec 01 16:26:40.295 INFO [stderr]      |
Dec 01 16:26:40.295 INFO [stderr] 1575 |         self.iter.find_map(|(i, node)| {
Dec 01 16:26:40.295 INFO [stderr]      |                   ^^^^^^^^ multiple `find_map` found
Dec 01 16:26:40.295 INFO [stderr]      |
Dec 01 16:26:40.295 INFO [stderr] note: candidate #1 is defined in an impl of the trait `iter_utils::IterUtilsExt` for the type `_`
Dec 01 16:26:40.295 INFO [stderr]     --> /cargo-home/registry/src/github.com-1ecc6299db9ec823/petgraph-0.4.11/src/iter_utils.rs:5:5
Dec 01 16:26:40.295 INFO [stderr]      |
Dec 01 16:26:40.295 INFO [stderr] 5    | /     fn find_map<F, R>(&mut self, mut f: F) -> Option<R>
Dec 01 16:26:40.295 INFO [stderr] 6    | |         where F: FnMut(Self::Item) -> Option<R>
Dec 01 16:26:40.295 INFO [stderr] 7    | |     {
Dec 01 16:26:40.295 INFO [stderr] 8    | |         while let Some(elt) = self.next() {
Dec 01 16:26:40.295 INFO [stderr] ...    |
Dec 01 16:26:40.295 INFO [stderr] 13   | |         None
Dec 01 16:26:40.295 INFO [stderr] 14   | |     }
Dec 01 16:26:40.295 INFO [stderr]      | |_____^
Dec 01 16:26:40.295 INFO [stderr]      = note: candidate #2 is defined in an impl of the trait `std::iter::Iterator` for the type `std::iter::Enumerate<_>`
Dec 01 16:26:40.295 INFO [stderr] 
Dec 01 16:26:40.635 INFO [stderr] error: aborting due to 4 previous errors
Dec 01 16:26:40.635 INFO [stderr] 
Dec 01 16:26:40.635 INFO [stderr] For more information about this error, try `rustc --explain E0034`.
Dec 01 16:26:40.651 INFO [stderr] error: Could not compile `petgraph`.
Dec 01 16:26:40.651 INFO [stderr] warning: build failed, waiting for other jobs to finish...
Dec 01 16:26:42.267 INFO [stderr] error: build failed
Dec 01 16:26:42.276 INFO [stderr] su: No module specific data is present
Dec 01 16:26:43.505 INFO running `"docker" "inspect" "43b869171a9cce04d4a7010b2d4ab2bafb2debcaf418da203b28827d8852db52"`
Dec 01 16:26:43.831 INFO running `"docker" "rm" "-f" "43b869171a9cce04d4a7010b2d4ab2bafb2debcaf418da203b28827d8852db52"`
Dec 01 16:26:44.191 INFO [stdout] 43b869171a9cce04d4a7010b2d4ab2bafb2debcaf418da203b28827d8852db52
